0 = -3*g + 3*y + 66. Suppose 0 = -17*d + g*d + 4*c - 2756, 0 = 5*c. Is d composite?
True
Let q = -53850 - -88834. Let i = q - 5195. Is i a composite number?
False
Suppose 0 = 35*g - 40*g - 3*o + 5009569, g - 1001909 = -3*o. Is g a composite number?
True
Let k be 5*(-1)/((-30)/(-42)). Let p be -12*((-12047)/2)/k. Let u = 20071 + p. Is u composite?
True
Let u(a) = -122*a**3 - 6*a**2 + 27*a + 6. Let y(m) = -82*m**3 - 4*m**2 + 17*m + 4. Let d(g) = -5*u(g) + 8*y(g). Let s = -11 - -8. Is d(s) prime?
True
Let b(f) = -5053*f - 4. Let o be b(-2). Suppose 2*w - 2340 = c + o, -5*c = -2*w + 12426. Suppose w = -2*g + 9*g. Is g a prime number?
False
Is 663257/29 + 720/10440 prime?
True
Suppose 98*q - 102*q - 2*o + 407680 = 0, -4*q + 2*o + 407704 = 0. Is q prime?
False
Let c = 658 - 645. Suppose -c*j + 38705 = -8*j. Is j composite?
False
Let d = -1726 + 8203. Suppose -60*u = -43*u - d. Is u a composite number?
True
Let h(w) = w**3 - 23*w**2 + 50*w - 122. Is h(24) composite?
True
Let b = -75 - -79. Let z(d) = 19 + b*d + 3 + 10 - 5. Is z(7) prime?
False
Let g = 1434 + 3919. Suppose 0 = -2*y + g - 87. Suppose -5*i - 2*u + y = -192, -565 = -i - 2*u. Is i a composite number?
True
Let f = -286 - -286. Suppose f = 8*m - 21*m + 218101. Is m a composite number?
True
Let y be 0/((-2)/(-5) + 35/(-25)). Suppose y = -2*p - h + 51041, p + 2*h - 25498 = -3*h. Suppose 8*m - p + 8331 = 0. Is m a composite number?
True
Suppose 4*w + 4*h = 2*w + 80, 3*h = -4*w + 145. Suppose -w*a + 37*a = 1362. Suppose a - 72 = 2*c. Is c a prime number?
True
Let g be 360/50*(17/3 - -1). Suppose -37018 = 46*a - g*a. Is a a composite number?
True
Let p be (-6)/15*1 - (-81)/15. Suppose -5*r = -4*x + 6*x - 37553, -7489 = -r + p*x. Is r a composite number?
True
Let r be (-160810)/(-30) - 2/(-3). Suppose -3*c - 5*b + 3211 = 0, r = 5*c - 5*b + 4*b. Is (-1 - c)*((-16)/4)/4 prime?
False
Suppose 2*m = -2141 + 2133, 0 = s - 2*m - 383301. Is s a prime number?
False
Let w(s) = s**2 - 11*s + 21. Let f be w(9). Let b(x) = -353*x + 6. Let y be b(f). Let t = y + 2280. Is t prime?
False
Let l = 1255541 - 859312. Is l composite?
True
Let k be -2*(27/(-6) + 5) - -7. Suppose -3*y + 3 = -9. Is (y/k)/((-16)/(-4584)) composite?
False
Suppose 0 = 3*q - r - 374543, -1029*q + 249684 = -1027*q + 5*r. Is q prime?
True
Let w(z) = -5 + 0 - 13 + 4*z - 3*z. Let l be w(21). Suppose 2697 = l*x - 0*x. Is x composite?
True
Let k(n) = 25 - 2 + 26*n**2 - n + 7*n + 6*n. Is k(-11) composite?
False
Suppose 116706 = -15*d + 463401. Is d prime?
False
Let b(a) = 2*a - 9. Let f be b(9). Suppose 0 = 72*u - 64*u - 25024. Suppose -k - u = -f*k. Is k prime?
False
Is (179083/(-2))/((-4)/((-51 + -5)/(-7))) prime?
True
Let v(f) = -251505*f + 700. Is v(-1) prime?
False
Let n(u) = 919*u**2 - 24*u - 80. Let b(j) = -j**2 - 23*j - 133. Let a be b(-10). Is n(a) composite?
False
Let s be (-277505)/(-10) + (-1)/(-2). Suppose -5*v + 5*h = -8409 - s, 2*h = 3*v - 21701. Is v prime?
True
Let k(p) = -3043*p - 2981. Is k(-16) prime?
True
Is (-1)/(8/(-17762180))*(-82)/(-205) prime?
True
Let y(s) be the second derivative of 0 + 20*s**2 + 17*s + 13/6*s**3. Is y(18) composite?
True
Suppose -29 + 205 = -i. Let p be (3 + 20)/(3/33). Let q = i + p. Is q prime?
False
Let d(b) = -9*b + 167. Let a be d(18). Suppose -a*w - 3*f + 112171 = -0*f, 3*w - 4*f = 67291. Is w a prime number?
True
Let j(w) = w**2 + 3*w - 6. Let m be j(-4). Let a(p) = 983*p**2 + 6*p + 17. Is a(m) a prime number?
False
Let g be -1*1*(-2 + 81). Suppose 88*i - 86*i = -a - 224, -3*a - 2*i - 696 = 0. Let r = g - a. Is r composite?
False
Let j(s) = -738*s - 80. Let k be j(-14). Suppose q = 579 + k. Is q a composite number?
False
Let b be ((-150)/42 - -1)*14/(-3). Suppose 12*y + b*y = 17688. Is y a prime number?
False
Let p(w) = 139*w**3 - 7*w**2 - 21*w + 55. Let k be p(10). Suppose -690*o + 695*o = k. Is o a prime number?
False
Let s = 101 - 45. Let m(o) = 3*o + o**2 + s - 5*o**2 - 75 + 8*o - o**3. Is m(-9) a composite number?
True
Let g = 46 + -43. Suppose 0 = -o - 4*q - 12, -2*q = 3*o - g*q - 3. Is o - 0/1 - (-1987 + 0) prime?
True
Let g(z) = -4*z + 86. Let a be g(21). Suppose p = -a*y + 4188, 5*y + 4*p + 0*p = 10467. Is y prime?
False
Suppose 0 = -3*x - 5*h + 3371, 5*x = 7*h + 10*h + 5517. Is x a prime number?
True
Let x(r) = -3595*r**3 - r**2 - 2*r - 2. Let p be x(-2). Suppose -3*v + p = -33537. Is v prime?
False
Let a(r) = 4*r**3 + 2*r**2 - 8*r - 3. Let j be a(4). Let k = 61 + j. Suppose 158 = 8*i - k. Is i a composite number?
False
Let r(p) = 535*p**2 - 213*p - 1247. Is r(-6) prime?
False
Suppose -4*p = 4*k + k + 12859, 0 = -3*k - 9. Let v = -1452 - p. Is v prime?
True
Suppose 76187 = -5*f + 4*b + 676514, 2*f - 240130 = 2*b. Is f a composite number?
False
Let y be 9/3 - 1/(-1). Let r = -161 + 164. Suppose 0 = -y*h - r*n + 2723, 0 = 4*n - 3 - 17. Is h prime?
True
Let y(b) = -10*b**3 - 86*b**2 + 67*b + 33. Is y(-28) a prime number?
False
Let r = -149 + 152. Suppose 0*f - 24104 = -4*f. Suppose -r*s + f = -973. Is s a composite number?
False
Suppose 77*x - 1336545 = 488*x - 5745342. Is x a prime number?
False
Suppose 2*b + 1 - 3 = 0. Let d be 10 + 9957 - b/(-1). Is d - 8/(-16)*(-1 + -1) composite?
False
Let t = 8760 + -4097. Is t a prime number?
True
Suppose -19*b - 2 = -40. Suppose b*d + 17224 = 4*m + 5*d, -2*d = -2*m + 8598. Is m composite?
True
Let q = 2203367 - 1346956. Is q composite?
False
Let t = -93597 - -191746. Is t a composite number?
True
Suppose -524*u - 2 = -525*u, 4*u = -h + 205027. Is h composite?
False
Is ((-30019)/(-77))/((-129)/(-21) - 6) a composite number?
False
Let p(t) = t. Let s(i) = -150*i + 23. Let u(q) = -2*p(q) + 2*s(q). Let w be u(-12). Let m = w + 109. Is m prime?
True
Let v = -528 - -452. Is 3*2/(-57) + (-466876)/v a prime number?
True
Let h(f) = -379*f**2 + 898*f**2 - 4*f + 599*f**2 + 3. Is h(1) a composite number?
False
Let l = 2578 - -77148. Is l composite?
True
Suppose 0 = -7*g - 12*g - 153653. Let u = -5308 - g. Is u a prime number?
False
Let l(r) = 2197*r - 7. Let w = 428 - 424. Is l(w) prime?
False
Suppose -3*v = 4*x - 1568229, -1648179 = -3*v - x - 79977. Is v prime?
False
Let o(i) be the third derivative of 7*i**6/180 - 13*i**5/120 + 19*i**4/12 - 4*i**2. Let q(d) be the second derivative of o(d). Is q(9) a composite number?
False
Let x(s) = 5701*s**2 - 12*s - 7. Let m be x(-6). Suppose 0 = 14*t - m + 57363. Is t composite?
False
Suppose 2*p + 3*c = -30, -6*p - 4*c = -p + 68. Let m(f) = -f**3 - 842*f**2 + 3*f + 832*f**2 - 5 - 28*f. Is m(p) a prime number?
False
Let o(p) = 111*p**2 + 6*p - 18. Let m be o(12). Suppose -a + m = 3*f, f - 5*a = 6124 - 794. Is f a prime number?
False
Suppose 2*r + 3*r = 3*r. Suppose r*m - 4*m - 4267 = -5*t, -m = 3. Let j = 2008 - t. Is j a composite number?
True
Suppose -6*o - 3*d + 38 = -2*o, -5*o + d + 38 = 0. Let l(z) = -z + 17. Let b be l(o). Suppose b*i = -238 + 2623. Is i prime?
False
Suppose 221*j - 330440394 = 25080317. Is j prime?
False
Suppose -397955 = 70*a - 73*a - j, -5*a = 3*j - 663253. Is a a composite number?
True
Suppose -2*f - 34 = -44. Suppose 3119 = f*z - s, -z = -2*z + s + 627. Suppose 4*u = u + 2*d + z, -3*d + 15 = 0. Is u a composite number?
False
Let r = 22 - 19. Suppose -384 = -4*c + 2*u, r*u = 3*c + 2*u - 290. Suppose -c - 389 = -h. Is h a prime number?
True
Suppose -2*n = 18*o - 22*o + 114930, 0 = -2*o + 5*n + 57461. Is o composite?
True
Suppose -o + 3*y + 2*y = -31087, 5*y = 25. Suppose -15*j + 24673 = -o. Is j a prime number?
True
Let d(y) = 2*y**3 - y**2 - 3*y + 57263. Is d(0) a composite number?
True
Let c(t) = -t**2 + 14*t + 6503. Let v be 1/(-1) + 5 - 4. Is c(v) a composite number?
True
Is 5957664/56 - 3/(1 + -22) prime?
False
Let g(p) be the first derivative of p**4/12 - 2*p**3/3 + 8*p**2 + 21*p - 1. Let r(s) be the first derivative of g(s). Is r(7) prime?
True
Is (-1)/((0 - 3) + 786789288/78678936 + -7) prime?
False
Let p(c) = -11*c**2 + 100*c + 4. Let x be p(22). Let r = -1463 - x. Is r a prime number?
True
Let q(w) = -w**3 + 21*w**2 - 15*w - 23. Let l be q(14). Let t = l - 38. Is t composite?
True
Is (-528937)/(-2) - 525/(-70)*(-3)/15 composite?
True
Let u(b) = b**2 - b - 2. Suppose -2*x + 1 = -3*l, -3*l + l + 11 = x. Let g be u(l). Suppose 3*m - 2*v = 2009, -3*m + g*v = -287 - 1712. Is m a pri